333 - -332. Let t(w) = -18*w**3 + w. Give t(p).
17
Suppose 91*x = -301 + 1939. Let k(v) = v**2 - 22*v + 80. Calculate k(x).
8
Let h(k) = -5*k**2 + 10*k - 7 - 9*k + 7*k**3 + 10*k - 8*k**3. Give h(-7).
14
Let g(u) = -13*u**3 - 3*u - 2. Let d = 15 - 16. What is g(d)?
14
Let r(i) = 8*i - 27 - 64 + 90. What is r(-1)?
-9
Suppose -2*p - 25 = -41. Let s(y) = -12 + 4*y + y**2 - p*y + 13. Calculate s(4).
1
Let x(i) be the third derivative of -i**4/24 + 7*i**3/6 + 2*i**2. Suppose 2*b + 57 - 9 = 0. Let g = b - -27. Determine x(g).
4
Suppose v = -2*f - 10, 4 = -f - f + 2*v. Let h(y) = -8*y + 11. Let u(m) = 7*m - 10. Let i(q) = 5*h(q) + 6*u(q). Give i(f).
-13
Let x(b) = -2 - 33*b + 13*b + 7*b + 11*b. Calculate x(6).
-14
Let t(d) be the second derivative of -1/4*d**4 + 1/3*d**3 - 1/20*d**5 + 0 - 3/2*d**2 + 2*d. Let o be (5 + -4)*(-1 + -2). What is t(o)?
-9
Let d(c) = -c**2 - 4*c - 1. Let h(j) = j**2 + 3 - j + 12*j - 5*j + 1. Let p(v) = v + 2. Let s be p(-6). Let z be h(s). What is d(z)?
-1
Let c(r) = -r**3 + 11*r**2 + 2*r - 14. Let a be c(11). Let s(y) = y**2 - 8*y + 6. Calculate s(a).
6
Let f(c) = -3*c + 1 + 3*c + 8*c - c**2. Let s(o) = -9*o**3 + 2*o + 3. Let u be s(-1). Suppose -2*z + 38 = 4*m, -4*z = -2*m - 2*z + u. What is f(m)?
1
Let l(t) = -t**2 - 5*t - 3. Let s(z) = -7*z - 3 + 2*z**2 + 0 - 3*z + 4*z. Let v be s(3). Calculate l(v).
3
Let g = 41 + -39. Suppose -p - 11 = g*q, -p = -3*q - 5 - 4. Let k(s) = -s + 2. Determine k(p).
5
Let d(y) = y**3 - 4*y**2 - 2*y - 5. Suppose -3*j + 24 = -4*c, 10 - 4 = -2*c. Determine d(j).
-13
Suppose z + 1 = 7. Suppose 8*a - 4 = z*a. Let t(v) = v**2 - 2*v + 1. Give t(a).
1
Let u(t) = t - 5. Let a = 21 - 13. Suppose 2*g = 4, a = 3*n - n + g. Suppose -3*h + n*q = -4*h - 6, -2*h + q + 9 = 0. Calculate u(h).
-2
Let l(m) = 1305*m + 1303*m - 1 - 2589*m. Calculate l(-1).
-20
Let g = -13 + 48. Let i be g/(-14)*(-1 + -1). Let s(j) = j**3 - 5*j**2 - 3*j + 6. Determine s(i).
-9
Let v(h) = 40 - 1054*h + 4*h**2 - 5*h**2 - 58 + 1054*h. Calculate v(0).
-18
Let p(b) be the second derivative of -b**6/144 - 29*b**4/12 - 12*b. Let o(f) be the third derivative of p(f). Calculate o(2).
-10
Let k(u) = -47*u. Let q be k(-1). Let p(z) = 6*z + 43 - z**3 - 4*z**2 - q - 2*z**2. Let h be (14/(-6))/(3/9). Give p(h).
3
Let r(b) = 955*b + 2 - 1900*b + 952*b. Give r(-3).
-19
Let s(a) be the second derivative of -a**5/20 + a**4/12 - a**3/6 + 3*a**2/2 - 742*a. Give s(3).
-18
Suppose -d = 5, -d + 6*d = -3*f - 7. Let g(s) = -4 + 2 + 0 + f*s - s**2. Suppose -2*u = -2*v + 3*u + 22, 4*v - 22 = -u. Give g(v).
-2
Let p(u) = -u**2 - 8*u + 1. Let l(r) = r**2 + 7*r. Let v(b) = -3*l(b) - 2*p(b). Determine v(-3).
4
Let v(f) = 0*f**3 - 2*f**2 - 4*f - 2*f**2 + f**3. Let x(p) = 10*p + 2. Let m be x(-1). Let b(i) = 9*i + 77. Let d be b(m). Give v(d).
5
Let k(h) = -h**3 + 15*h**2 + 2*h + 17. Let i(f) = -f**3 + 9*f**2 + 22*f - 225. Let m be i(8). Calculate k(m).
47
Let h(q) = 20 + 5*q + 3*q + 53 - 8. Calculate h(-8).
1
Let b(x) be the second derivative of -x**6/120 + 7*x**5/60 + x**4/24 - 5*x**3/6 + 11*x**2/2 + 8*x. Let c(m) be the first derivative of b(m). Give c(7).
2
Let v = 78 - 46. Let n(i) = 33*i**2 - i - v*i**2 - 2 + 0 + 1. What is n(-3)?
11
Let a be (-2)/8*(-13 - -12)*0. Let d(j) be the third derivative of -1/24*j**4 - j**2 + a*j**3 + 0*j + 0. Calculate d(4).
-4
Let z(w) be the first derivative of -w**4/2 + 13*w**3/3 + 4*w**2 + w - 73. Determine z(7).
8
Suppose 27*x - 108 = 9*x. Let p(o) = -2*o - 1. Let d(s) = 3*s + 2. Let a(w) = -3*d(w) - 5*p(w). Determine a(x).
5
Let m be 1/(-2)*2*-5. Suppose -m*h + 20 = -2*a, -h - 4 = a - 2*h. Suppose 10 = 4*f - x, a = 4*f + 2*x - 0*x - 4. Let k(c) = 2*c**3 - 4*c**2 + 3*c. Give k(f).
6
Let o be -4 + ((-40)/32 - (-75)/12). Let x(a) = -86*a + 87*a + o + 11 - 1. Let c = -12 + 6. Give x(c).
5
Let c(p) = -p**2 + 6*p - 3. Let g(h) = -2*h**2 + 13*h - 7. Let q(f) = -9*c(f) + 4*g(f). Determine q(2).
-1
Let h be (-1)/((-6)/(-4) - 2). Suppose -3*q + 5*a + 1 = -5, 3*q - 2*a - 6 = 0. Let w(k) = 0*k**h + 6*k - 6 + 3*k**3 - 4*k**3 + q*k**2. Give w(4).
-14
Let r(p) = -p**2 - 5*p + 4 - 5 - 2. Suppose -w + 3 = -29. Let k be (w/(-12))/(-2)*-3. Calculate r(k).
1
Let v(k) = -457 - 3*k**2 + 3*k**2 - k**2 + 452. What is v(4)?
-21
Let k(w) = -9*w**2 + w**3 + 2*w + w**2 + 23*w**2 + 6 - 9*w**2. What is k(-6)?
-6
Let g(x) = 2*x + 25. Let n(o) = -o - 20. Let d(f) = 4*g(f) + 6*n(f). Calculate d(11).
2
Let k(u) = 9*u + 6*u**2 + u - 6*u**3 + 4 - 3*u + 5*u**3. What is k(7)?
4
Suppose 5*k - k = 16. Let r(f) be the third derivative of 0*f - 1/20*f**5 + 5*f**2 - 1/6*f**4 + 0 + 0*f**3 + 1/120*f**6. What is r(k)?
0
Suppose l = 4*q + 17, q + 8 = -0*q + 4*l. Let m(x) = x**3 + 3*x**2 - 5*x - 4. What is m(q)?
0
Let c(k) = k**2 + 5*k - 14. Let v(n) = -6*n**2 - 28*n + 72. Let m(g) = -11*c(g) - 2*v(g). Give m(-7).
52
Let c(j) be the first derivative of j**7/840 - j**6/72 + j**5/60 - j**4/8 + 17*j**3/3 + 9. Let k(o) be the third derivative of c(o). Give k(2).
-11
Let p(o) be the first derivative of o**3/3 - o**2/2 - 6*o - 1. Let n = -1834 - -1834. What is p(n)?
-6
Let j(s) = 2*s**3 + 8*s**2 + 2*s - 13. Let q(u) = -u**3 - 5*u**2 - u + 7. Let d(p) = 4*j(p) + 7*q(p). Let a = 1 + 2. Determine d(a).
0
Let l(p) be the second derivative of 2*p**3/3 - 2*p**2 - 181*p. Determine l(5).
16
Let c(n) = -n**3 - 3*n**2 + 3*n + 3. Let q(g) = -g**2 - 5*g - 2. Let u be q(-4). Suppose 3*j - u*a = 0, -2*a - 22 = 5*j - 6. Calculate c(j).
-7
Let u(y) be the second derivative of y**7/840 - y**6/180 + y**5/30 - 7*y**4/4 + 28*y. Let j(m) be the third derivative of u(m). Calculate j(3).
19
Let q(b) be the second derivative of -b**6/360 - b**5/20 + 7*b**4/24 + b**3/2 + 23*b. Let t(l) be the second derivative of q(l). Determine t(-6).
7
Let r(m) be the second derivative of 2*m**3/3 - 27*m**2 - 242*m. What is r(16)?
10
Let l(n) = -2*n + 1. Let q(a) be the first derivative of -a**2/2 + a + 10. Let b(c) = 2*l(c) - 3*q(c). Give b(-2).
1
Let d(g) = g + 12. Let f(u) = -u**3 - 4*u**2 - 7*u - 60. Let h be f(-5). Give d(h).
12
Let z = 224 - 226. Let i(g) be the third derivative of -g**4/3 - g**3/2 - g**2. Determine i(z).
13
Let h(s) = 25 - 7 - 9 - s - 14 - 15. What is h(-12)?
-8
Let z(h) = 5*h + 2*h + 0*h. Let q = -2826 + 2828. Calculate z(q).
14
Suppose -u = -5*u + 4. Let d(j) = j**3 + 9*j**2 - 8*j - 5. Let x(v) = 7 + v - 5*v**2 + 4*v**2 - 8 - 4*v**3 + 3*v**3. Let w(y) = u*d(y) + 2*x(y). What is w(6)?
-7
Let t be (-16)/3 + (-2)/3. Let u(p) = -1080*p**2 + 7*p - 1088*p**2 + 2169*p**2 - 5. What is u(t)?
-11
Let h(j) = -j**2 - 7*j + 4. Let w be 75/9 - (-7)/((-21)/(-2)). Suppose -7 = 2*b + w. Give h(b).
-4
Let y(v) = 3075*v**2 - 3*v**3 - 5*v + 4*v**3 + 5 - 3078*v**2. Give y(4).
1
Let r(k) = -9 + 6*k + 11 - 4*k - 3. Suppose 5*x + 8 = 23. Calculate r(x).
5
Let s be 3/2 + 203/14 + -5. Let p(y) = -y**2 + 11*y + 9. Give p(s).
9
Let p(t) = -t**3 - t + 18. Suppose 41*q - 42*q = 0. Calculate p(q).
18
Suppose -16 = -2*y - 4*k, 0*y - 3*y + 21 = 5*k. Suppose -5*h - 4*z - 10 = 0, -21 = -y*h - h + 3*z. Let s(d) = -2*d**2 - 2*d + 2. Calculate s(h).
-10
Let d(z) be the first derivative of -7*z**3/6 - z**2 - 25*z - 25. Let n(t) be the first derivative of d(t). Give n(-2).
12
Let q(x) be the second derivative of x**5/24 + x**4/8 + 5*x**3/2 - 31*x. Let n(l) be the second derivative of q(l). Give n(-4).
-17
Let y(j) = -j - 5. Let m be -1 - -2 - 5 - -7. Determine y(m).
-8
Let t(m) = 7*m - 1. Suppose -3*g + 5*g - 3*q - 22 = 0, 2*q = 4*g - 28. Suppose g*z - 15 = -25. What is t(z)?
-15
Let t(y) = y**2 + 10*y - 12. Suppose -5*f - 39 = 2*n, -4*f = -n - 3*f - 9. Give t(n).
12
Let o be (2/((-4)/14))/1. Let g(t) be the third derivative of 0*t + 0 - 28*t**2 - 1/60*t**5 - 1/3*t**4 + 0*t**3. Give g(o).
7
Suppose -35*o + 37*o = f + 282, 2*o = 5*f + 266. Let l be 2/2*2 - 0. Let r(v) = -2*v**l - o*v + 144*v - v**3 + 2 + 3*v**2. What is r(0)?
2
Let i = 11 - 9. Let m be i/((-4)/104*-2). Let q(b) = 28 + 4*b - 5*b - m. Give q(-3).
5
Let j(r) = -r**2 + r + 33. Let z be j(6). Let o(a) = -a**2 + 8*a - 7. Calculate o(z).
8
Suppose -13*n - 30 = -23*n. Let f(s) = s**3 - 5*s**2 + 3*s. Give f(n).
-9
Let m(p) = -4*p**2 - 12*p - 1. Let l(o) = -5*o**2 - 13*o - 2. Let q(g) = -3*g - 1. Let i be q(-2). Let s(r) = i*l(r) - 6*m(r). Determine s(6).
2
Let t(p) be